 -3.
113
Let m be 4 + (-2155)/(-15) + 12/(-18). Let o(b) = -4*b**2 + 4*b - 2. Let j be o(4). Let i = m + j. What are the prime factors of i?
97
Let g = 9965 + -7745. What are the prime factors of g?
2, 3, 5, 37
Let q(x) = x**3 - 20*x**2 + 27*x + 12. Let p = -36 - -55. List the prime factors of q(p).
2, 41
Let t = -18 + 21. Suppose -4*n = -0*n, -t*l = 4*n - 15. Suppose -13*f + l*f + 392 = 0. What are the prime factors of f?
7
Suppose 4*p - 3*p = -3*n + 591, 582 = 3*n + 4*p. Suppose -n*d = -195*d - 3336. What are the prime factors of d?
2, 139
List the prime factors of (-2*5723)/(-2) + -52 + 51.
2, 2861
Let z(x) = -2*x**3 - 3*x**2 + 4*x + 3. Let i be z(-3). Let q be (2 - 162)/(((-3)/9)/1). What are the prime factors of (i/15)/(18/q)?
2
Let g = -1030 - -6005. What are the prime factors of g?
5, 199
Let w = -879 - -892. Suppose -219 - w = -8*t. List the prime factors of t.
29
Let z(p) = p**2 + 8*p - 3. Let g = 2 - -9. Suppose g = -3*l - 28. What are the prime factors of z(l)?
2, 31
Suppose 11 = 4*o + c, -3*o + 11 = 7*c - 9*c. Suppose 0*m - o*u + 39 = 3*m, 3*m - 31 = u. List the prime factors of m.
11
Let o(n) = n**3 + 24*n**2 + 28*n - 18. Let f be o(-22). Suppose 3*w - 338 = -4*r, -2*r - 2*r = 5*w - f. List the prime factors of r.
2, 43
Suppose 2*z = -2*x + 8700 + 40854, -z + 3*x = -24769. What are the prime factors of z?
5, 991
Let l(r) be the third derivative of -r**6/120 - r**5/15 - r**4/2 + 19*r**3/6 - 201*r**2. What are the prime factors of l(-5)?
2, 13
Let j(r) = 22*r**2 - 8*r - 7. Suppose 6*i + 6 = 3*i. Let p be j(i). Suppose -5*f + 197 = 4*q - 320, f + 4*q = p. What are the prime factors of f?
3, 5, 7
Let f be ((-388)/20)/((-6)/30). Let t = f + -95. Suppose 9 = t*d - 165. List the prime factors of d.
3, 29
Suppose 2*o = -v - 456, 7*v + 2286 = 2*v - 4*o. Let n = 1014 + v. What are the prime factors of n?
2, 139
Suppose -306954 = -38*b + 8104. Suppose 14*o - b + 395 = 0. List the prime factors of o.
2, 3, 47
Suppose 86 = 2*v - 3*v. Let g = v + 127. Suppose 0 = -4*n + t + g, 47 - 9 = 4*n - 2*t. What are the prime factors of n?
11
Suppose 14*b = q + 16*b + 1218, 3*b = 3*q + 3654. Let n = -615 - q. What are the prime factors of n?
3, 67
Let w = 1805 + 3511. What are the prime factors of w?
2, 3, 443
Let a = 55148 + -25762. What are the prime factors of a?
2, 7, 2099
Let r be -438 - (4/(-8)*0)/(-1). Let b = r + 794. Suppose 5*z + c - b = 3*c, 0 = 4*z - 5*c - 295. What are the prime factors of z?
2, 5, 7
Suppose -10 = -12*b + 17*b, 7957 = n - b. List the prime factors of n.
5, 37, 43
Let g be (16/28)/(11/77). Suppose g*f - u - 4754 = 0, -5*f + 8*f + 4*u - 3575 = 0. What are the prime factors of f?
29, 41
Let c = 46 + -26. Suppose 3*n + c = 8*n. Suppose 0*r - r = -n*g + 263, 121 = 2*g + 3*r. List the prime factors of g.
5, 13
Let b be (-8)/(-12) + 8/(-12). Suppose -3*j + t + 15 = b, 3*t - 8 + 1 = -4*j. Suppose -2*x = 0, 3*x - 2*x = -j*a + 8. What are the prime factors of a?
2
Suppose -41 - 9 = -5*r. Suppose -r*q = -6*q - 456. List the prime factors of q.
2, 3, 19
Suppose 87*c - 76326 = 1325418. What are the prime factors of c?
2, 19, 53
Let k(j) = -j**3 - 17*j**2 + 41*j + 7. Let b be k(-20). Let t = b + 10. What are the prime factors of t?
397
Let c be 6*(3 - -5)/16. Suppose -62528 = -29*a - c*a. What are the prime factors of a?
2, 977
Suppose -2*f - 4*c - 8 = -5*c, -3*c - 3 = 3*f. Let p(d) = 14*d + 15. Let l be p(f). What are the prime factors of (-1476)/l + (-3)/(-9)?
5, 11
Let m(p) = 7*p**3 + 7*p**2 + 14. Let s be m(6). Suppose -q - 4*q = 0, 2*c - 5*q - s = 0. What are the prime factors of c?
7, 127
Let r = 21412 + -7735. What are the prime factors of r?
3, 47, 97
Let x(u) be the third derivative of u**6/120 + u**5/3 + 2*u**4/3 - 19*u**3/6 + 3*u**2. Let k be x(-19). What are the prime factors of 9960/k - 34/323?
2, 131
Suppose -27*h = -22*h - 15. Suppose 8 = -q - h*i, 4*q + 36 = 9*q - 4*i. Suppose -3*l + 758 = -q*d, d - 560 = -5*l + 711. What are the prime factors of l?
2, 127
Suppose 2*k + 1018 = -z - 513, -3*z = 5*k + 4596. Let c = -702 - z. List the prime factors of c.
5, 167
List the prime factors of 10/((-960)/(-3883876)) - (-1)/(-24).
23, 1759
Suppose -4*s - 81279 = -5*k, -21*k + 25*k = s + 65032. What are the prime factors of k?
71, 229
Suppose -9*s + 5*m = 10*m - 60290, 26792 = 4*s + 4*m. What are the prime factors of s?
2, 5, 67
Let k(q) = 126*q**2 + 83*q + 253. List the prime factors of k(-3).
2, 569
Suppose -4*j - 6714 = -29114. What are the prime factors of j?
2, 5, 7
Let y(q) = 146*q**3 - 2*q**2 - 96*q + 500. What are the prime factors of y(6)?
2, 7, 19, 59
List the prime factors of (-13076)/(-3) - (-8)/(-3).
2, 3, 11
Suppose 1 = -3*o + 7. Suppose 2*s = 3*s - o. Suppose -4*b + 10 = -s*b. What are the prime factors of b?
5
Let w(s) be the third derivative of -5*s**4/12 - 25*s**3/3 + 11*s**2. Let g be w(-10). Suppose 49*l - g*l + 111 = 0. List the prime factors of l.
3, 37
Let f(i) = -4*i - 9. Let t be f(-3). Suppose -2*v = -4*m - 436, t*v + 3*m - 882 = -201. What are the prime factors of v?
2, 7
Let v(d) = -13*d**3 - 20*d**2 + 12*d + 39. Let m(i) = -11*i**3 - 19*i**2 + 12*i + 40. Let u(x) = -6*m(x) + 5*v(x). List the prime factors of u(-9).
2, 3, 13
Suppose -97767 - 189274 = -47*c + 582835. What are the prime factors of c?
2, 7, 661
Let s(x) = -198*x**3 + 1 - x + 4*x**2 - 2*x**2 - 3*x**2 + 213*x**3. Let f be s(1). Suppose 5*q + 414 = f*q. What are the prime factors of q?
2, 23
Suppose u = 6*u - 10. Suppose 0 = y + u*i - 9, 6 + 2 = -4*y + 3*i. List the prime factors of (-15)/10*y*-2.
3
Let y = 58 + -20. Let m = y - -407. Suppose -3*n + m = -284. List the prime factors of n.
3
Let g be (16/32)/(1/26). Let b be (g - 6/3) + (-11 - -7). Suppose 1 + 41 = b*c. What are the prime factors of c?
2, 3
Suppose -197627 - 216037 = -48*c. List the prime factors of c.
2, 31, 139
Let t = 3273 + -3136. What are the prime factors of t?
137
Let n(x) = -x**3 - 3*x**2 + 11*x + 10. Suppose -2*z - 66 = -3*p, -p + z + 33 = 4*z. Let i be -1 + -8 + (p - 21). List the prime factors of n(i).
2, 13
Let t(j) = -j**3 - 6*j**2 - 22*j + 10. Let u be t(-9). Let d = 672 - u. List the prime factors of d.
13, 17
Suppose -5*j - 5*r + 280 = 0, -11*j + 116 = -9*j + 3*r. Suppose 0 = 2*y - 3*u - 0*u - 55, -5*y - 4*u = -126. Let b = j + y. List the prime factors of b.
2, 3, 13
Let m(j) = -13*j**3 + 2*j**2 + 2*j + 3. Suppose p = -y + 44, 3*y - p - 138 = 2*p. Let f = y + -47. List the prime factors of m(f).
3, 37
Suppose 6 = 3*t - 4*q, t + 5*q - 25 + 4 = 0. Let h(x) = -5*x - 35. Let b be h(-9). List the prime factors of (16/t)/(b/165).
2, 11
Suppose 0 = -5*k + 10, -2*k = -3*j - 0*j + 5804. Suppose 0 = -23*v + 12*v + j. List the prime factors of v.
2, 11
Suppose -g = -4*d + 8575, 19*g - 2142 = -d + 21*g. List the prime factors of d.
2, 67
List the prime factors of ((-2170)/4 - -1)/((-280)/1680).
3, 19
What are the prime factors of ((-6)/111 - (-5352243)/2886)*1*2?
3709
Let j = 159 + -111. Let x = j - 56. Let b = x - -112. What are the prime factors of b?
2, 13
Suppose -j - 347 = -2*t, -138 = -5*t - 2*j + 752. Let u = 202 + t. List the prime factors of u.
2, 3, 7
Let r(t) = -647*t + 15. List the prime factors of r(-14).
43, 211
Let t be ((-186)/5)/((-3)/10). Let p = 566 - t. What are the prime factors of p?
2, 13, 17
Let i = 7333 - 4193. What are the prime factors of i?
2, 5, 157
Let t = 4494 + 3658. List the prime factors of t.
2, 1019
Let i(l) = 31*l + 7. Let n be (-58)/(-14) - 13/91. Suppose 3*k + r = 2*k, 9 = 5*k - n*r. What are the prime factors of i(k)?
2, 19
Let s(g) = 3743*g + 631. What are the prime factors of s(16)?
3, 20173
Let y(p) = p + 0*p + 2 + 0*p + 28. Let r be y(5). Let q = 104 - r. List the prime factors of q.
3, 23
Let y = 248 + -244. Let a(m) = -m**2 + 7*m - 1. Let s be a(6). Suppose s*f - y = 1, 5*o = f + 239. What are the prime factors of o?
2, 3
List the prime factors of ((-3495)/7)/((-32)/672).
3, 5, 233
Let w = -6173 + 7811. What are the prime factors of w?
2, 3, 7, 13
Let x(j) = -j**3 - 23*j**2 - 7*j + 27. Let r be (-1)/(5*2/230). What are the prime factors of x(r)?
2, 47
Suppose 8 = -627*o + 628*o. Suppose o*l + 845 - 3325 = 0. List the prime factors of l.
2, 5, 31
Let w(t) = -2*t**3 + 43*t**2 + 24*t - 35. Let u = -673 - -695. What are the prime f